culate the highest common factor of l and w.
24
Let d be 9/2 - 231/110*-15. Calculate the greatest common factor of 3681 and d.
9
Let v be (-1 + 1846/286)*110/4. What is the greatest common factor of 6150 and v?
150
Let p be (23 - 24)*97*-1. Suppose 0 = 104*n - p*n - 525. Calculate the greatest common factor of 75 and n.
75
Let z be (-26)/(-8) - 25/100. Let c be (-18)/12 - z/(-12)*134. What is the highest common factor of c and 80?
16
Let y(a) = -a**3 + 119*a**2 + 116*a + 522. Let z be y(120). Suppose 3*f + 6 = 5*f. Calculate the highest common factor of f and z.
3
Let h be ((-6)/(-5))/(102/60 + -2). Let l be (0 - 0) + 24 + 0 + h. Calculate the greatest common divisor of 240 and l.
20
Suppose -d + 0*d = -35. Let z be 2 + (-10 - 14/(-2)). Let q be z/3 + 4*159/18. What is the greatest common factor of d and q?
35
Let f(k) = -4*k**3 + 33*k**2 - 53*k + 37. Let c be f(6). What is the greatest common divisor of c and 15093?
43
Let o(x) = -963*x**3 - 3*x**2 - 45*x - 43. Let d be o(-1). Calculate the highest common divisor of d and 666.
74
Let g = 11822 + -11794. Calculate the highest common factor of 350 and g.
14
Suppose -94 = v - 51. Let f = v + 64. Calculate the highest common divisor of f and 98.
7
Let u be 125/7 - (8 + (-228)/28). Calculate the greatest common factor of 1035 and u.
9
Let w = 257 - 201. Calculate the greatest common factor of w and 1624.
56
Suppose 2*d - 92 = 2*s, 3980*d = 3976*d - 3*s + 100. Let j be 2/8 - 69/4. Let z be j*18*(-2 + 1). Calculate the highest common factor of d and z.
34
Suppose 636772 + 128028 = 66*y - 205202. Calculate the highest common factor of y and 207.
207
Let y(l) = -4*l - 2362 - 7*l + 2288 + 3*l. Let h be y(-18). Calculate the greatest common factor of 14 and h.
14
Suppose 4*q - 4*q - 15*q = -195. Calculate the greatest common divisor of 26 and q.
13
Let u be ((-6)/5)/((-1)/3850). Suppose -8*y + u = 6*y. What is the highest common divisor of 15 and y?
15
Let v be (-1 - -1*377) + -8*(-58)/(-116). Calculate the highest common factor of v and 93.
93
Let l(k) = -k**3 - 6*k**2 - 3*k - 1. Let u be l(-6). Suppose 109 - 589 = 6*s. Let y = s + 165. Calculate the greatest common divisor of u and y.
17
Let l(i) = i**3 + 30*i**2 + 219*i - 9. Let b be l(-17). Calculate the greatest common factor of b and 425.
25
Suppose -346 = -3*v + 113. Let g(b) = -50*b - 1433. Let p be g(-29). Calculate the greatest common divisor of v and p.
17
Let z be (-524)/7 - (1 + -4)/(-21). Let r = 80 + z. Suppose 3*p - r = -2*p. Calculate the highest common factor of p and 7.
1
Suppose 0 = 39*c - 121834 - 71606. Calculate the greatest common factor of c and 465.
155
Suppose 747*p - 40 = 746*p - 5*m, -2*p + 26 = m. Let s = 904 + -464. Calculate the greatest common factor of s and p.
10
Suppose 20*g - 1688 = 24*g. Let j = 502 + g. What is the greatest common factor of 10 and j?
10
Let a = 56 + -53. Suppose -4*k + 14 = -6. Suppose 0 = 3*p - 2*v - 22, -3*v + 0*v = k*p - 24. Calculate the greatest common factor of p and a.
3
Suppose t + 0*f + 3 = 4*f, -15 = -3*t + 6*f. Suppose 259 = 2*z - 5*u, 0 = 2*u - t + 11. What is the greatest common factor of z and 48?
12
Let q(b) = b**3 + 2*b**2 + 5*b - 8. Let y be q(4). Calculate the highest common divisor of 81 and y.
27
Let b(c) = 4*c**2 - 6*c**2 + 12*c + c**3 + 40 + 14*c**2. Let x be b(-11). Calculate the greatest common factor of 232 and x.
29
Suppose -16*d - 149 - 1453 = -105*d. Suppose -o - o = -24. Calculate the highest common factor of o and d.
6
Suppose 576*c = 5036634 - 614523 + 4492065. What is the greatest common divisor of 424 and c?
212
Suppose 0 = 4*t + 4*b - 3*b - 726, 372 = 2*t + 5*b. Suppose t = 2*f - 107. What is the highest common factor of 18 and f?
18
Suppose 0 = 3*c + 45*c - 2304. What is the highest common divisor of 56 and c?
8
Let w(v) = -2*v**3 + 71*v**2 + 56*v - 213. Let l be w(36). What is the greatest common factor of 5239 and l?
169
Suppose -5*b = -7*b + 24. Let w be (28/b + -3)*(-1 - 65). Suppose -2*j + 6 = -2*k, -5*j + w = k - 1. What is the highest common divisor of 1 and j?
1
Let p be 462/(225/(-200)*(-2)/3). What is the highest common divisor of p and 88?
88
Let n be (5/(-3)*2/5)/((-1)/30). Calculate the greatest common divisor of n and 3900.
20
Suppose 12*j - 696 - 792 = 0. Calculate the greatest common factor of j and 527.
31
Let b be (3 + 0)/(2024/288 + -7). Let m = -11 + 92. Calculate the highest common divisor of m and b.
27
Let p(j) = -20*j + 35. Let s be p(1). Suppose -s = -5*u + 4*u. What is the highest common factor of u and 15?
15
Suppose 2*r - 4*r = -0*r. Suppose -4*g + 143 = -8*g - l, r = -g + 3*l - 39. Let m = g - -51. Calculate the highest common factor of m and 60.
15
Suppose -64*y = -63*y - 1, 5*g - 322 = -2*y. What is the greatest common factor of 6816 and g?
32
Let w be (-292)/(-14) - 3/(-21). Suppose -37*n - 5327 = -24752. What is the highest common factor of w and n?
21
Let b(m) = m**2 + 5*m + 3. Let y be b(-5). Let k be (1/10)/((-22)/(-660)). What is the greatest common divisor of k and y?
3
Let c(x) = -x**2 + 6*x**2 + x**3 - 4 + 0*x**3 - 2*x**3. Let r be c(4). Let d = 209 + -101. Calculate the greatest common divisor of r and d.
12
Suppose -f + 18 - 20 = 0. Let l be 696/203*-1*21/f. What is the highest common factor of 72 and l?
36
Suppose -4*w = -12*y + 15*y - 496, -780 = -5*y + 5*w. Let s = y - 138. What is the highest common factor of 352 and s?
22
Let s be (32/112)/(2/14). Suppose s*c - 91 = 59. Let p be 25/c + (-215)/(-3). What is the greatest common divisor of 8 and p?
8
Let v be (-2)/(-4)*15*(-88288)/(-155). What is the highest common divisor of v and 72?
24
Let r(s) be the second derivative of -5/6*s**4 - 29*s - 1/2*s**2 + 0 + 1/20*s**5 - 7/3*s**3. Let b be r(12). What is the greatest common factor of 17 and b?
17
Suppose 32*d = 30*d + 6, 4*p + d = 87. Let l be 24201/72 - 1/8. What is the greatest common divisor of p and l?
21
Let z = 686 + -87. Suppose -12 = 4*b, -106 = -2*l - 3*b + z. What is the greatest common factor of l and 42?
21
Let r be (-370)/296 - 202/(-8). Let w(g) = 162*g + 12. Let a be w(7). Suppose -a = -4*s - 378. Calculate the greatest common factor of s and r.
24
Let v(t) be the third derivative of t**5/20 + 97*t**4/24 + 26*t**3/3 + 2*t**2 - 60. Let j be v(-32). Calculate the highest common divisor of 260 and j.
20
Let s be (-10)/(-4)*(-3768)/(-785). Let d be ((-54)/4)/(6/(-8)). Let r = d - s. Calculate the highest common divisor of r and 15.
3
Let o be ((-1140)/(-75))/(16/(-10) + 2). Suppose -o*m + 32*m + 30 = 0. Let p(b) = b**2 - 5*b + 4. Let y be p(m). What is the greatest common factor of 4 and y?
4
Let d be (-21)/(-12) + (-5)/(-20). Suppose 2*w = -16*w + 54. Let c = w - d. What is the highest common divisor of c and 1?
1
Suppose 9 = x - 11. Let c = 6053 - 6038. What is the highest common factor of x and c?
5
Suppose -21*m = 5840 + 4303. Let b = m - -492. What is the greatest common factor of 63 and b?
9
Let x = 3819 - 3677. Calculate the highest common factor of 18 and x.
2
Suppose 3*k - 1 = 2*x, -32 = 3*x - 44. Calculate the highest common divisor of k and 651.
3
Let r be (19/114)/((-1546)/(-2316) + (-6)/9). What is the highest common factor of 3281 and r?
193
Let x be -4*(8/((-24)/21) + (-18)/(-4)). What is the greatest common divisor of 1010 and x?
10
Let q be 8374/12 + 48/(-2880)*50. What is the greatest common factor of q and 41?
41
Let k(s) = 4 + 2*s + 9*s + 4*s - 17*s. Suppose -j + 2 = 1. Let r be k(j). Calculate the highest common divisor of 14 and r.
2
Let a = -44 - -52. Suppose -a*z = -z + 98. Let d = z - -24. What is the greatest common factor of 20 and d?
10
Let r = 1316 + -1184. What is the greatest common divisor of 924 and r?
132
Let n = -19 + 1. Let u = 48 + n. Let s = 1155 + -1143. Calculate the highest common divisor of u and s.
6
Suppose 0*o - 2*o = 3*p - 353, 5*o + 2*p - 910 = 0. Let q be 46*(-5 + 0 + 6)*1. What is the greatest common divisor of q and o?
46
Let r be (6592/6)/(790/1185). What is the greatest common divisor of 48 and r?
16
Let f be (-36)/(-16)*4/1. Let a be 11 + (-50)/4 - f/(-2). What is the greatest common factor of 87 and a?
3
Let n(r) = 2*r**2 - 99*r + 620. Let b be n(7). Let i(m) = m**2 - m - 1. Let q be i(2). Calculate the greatest common divisor of b and q.
1
Suppose -4*